 -j**2 + 24*j + 203. Determine q(-7).
-14
Let i(t) = -35*t + 986. Determine i(24).
146
Let r(z) = 78*z**2 + 382*z - 24. What is r(-5)?
16
Let c(l) = -120*l - 1077. Determine c(-7).
-237
Let g(v) = 93*v**2 + 46*v + 51. Determine g(-1).
98
Let o(c) = 10*c**2 + 631*c + 74. What is o(-63)?
11
Let u(r) = -4*r**2 + 81*r + 139. Give u(22).
-15
Let m(c) = c**3 - 10*c**2 + 25*c + 41. What is m(8)?
113
Let j(v) = -v**2 + 10*v - 6. Give j(10).
-6
Let d(z) = -2*z**3 - 20*z**2 + 3*z + 35. Determine d(-10).
5
Let u(w) = -9111*w - 100198. Calculate u(-11).
23
Let m(b) = 3*b**2 + 69*b - 339. Give m(-27).
-15
Let a(m) = -m**3 - 4*m**2 - m - 4. Give a(-4).
0
Let p(w) = 10*w**2 - 95*w - 10. Determine p(7).
-185
Let i(k) = 147*k - 58. What is i(2)?
236
Let r(l) = -9128*l - 91281. Give r(-10).
-1
Let m(h) = -2*h**2 + 24*h - 107. What is m(13)?
-133
Let i(w) = -413*w + 7033. What is i(17)?
12
Let r(n) = -325*n + 2209. Determine r(7).
-66
Let d(c) = 2*c**2 + 22*c + 51. Calculate d(-4).
-5
Let n(h) = -82*h**2 - 22*h - 62. Give n(-3).
-734
Let h(l) = -l**3 + 3*l**2 - l - 2. Calculate h(3).
-5
Let u(l) = -29*l**2 - 284*l + 98. What is u(-10)?
38
Let d(j) = 4964*j + 19856. What is d(-4)?
0
Let a(p) = -109*p - 15142. What is a(-139)?
9
Let m(n) = -12*n**2 + 22*n + 21. Give m(3).
-21
Let t(g) = g**3 + 12*g**2 + 8*g + 76. What is t(-12)?
-20
Let g(w) = -w**3 - 13*w**2 - 22*w - 18. Calculate g(-8).
-162
Let h(l) = 10*l - 73. Give h(15).
77
Let r(o) = -4*o**3 + 112*o**2 - 37*o + 1033. Calculate r(28).
-3
Let c(o) = -5*o**2 - 68*o - 163. Give c(-10).
17
Let t(n) = n**2 - 3*n - 216. What is t(-21)?
288
Let i(a) = a**3 - 28*a**2 + 93*a + 4. Calculate i(24).
-68
Let k(s) = -s**3 + 15*s**2 - 3*s + 10. Give k(12).
406
Let b(r) = 569*r - 2824. What is b(5)?
21
Let j(o) = o**2 + 25*o + 6. Determine j(-25).
6
Let g(w) = 3116*w - 9312. What is g(3)?
36
Let r(t) = 10*t**2 + 118*t + 82. Calculate r(-11).
-6
Let y(l) = 74*l - 67. What is y(1)?
7
Let x(w) = 6014*w - 5987. Calculate x(1).
27
Let p(c) = c**3 + 36*c**2 + 60*c - 50. Give p(-34).
222
Let r(u) = -u**3 + 23*u**2 - 76*u + 6. Determine r(19).
6
Let y(c) = 158*c**2 + 951*c + 33. Give y(-6).
15
Let f(v) = 2*v - 208. What is f(10)?
-188
Let t(i) = -2*i**2 - 193*i - 4251. Determine t(-34).
-1
Let q(v) = 10*v**2 - 4017*v + 4017. Give q(1).
10
Let s(j) = -210*j - 3. What is s(1)?
-213
Let o(u) = u**2 - 17*u - 677. Determine o(-23).
243
Let y(t) = -t**3 + 13*t**2 + 3*t - 87. What is y(14)?
-241
Let p(b) = b**3 - 27*b**2 - b + 240. What is p(27)?
213
Let t(i) = 113*i + 2801. Calculate t(-26).
-137
Let x(d) = -d**3 + 26*d**2 - 126*d + 88. What is x(5)?
-17
Let i(r) = -3*r + 65. Calculate i(22).
-1
Let j(s) = 8*s**2 - 3*s + 1. What is j(-2)?
39
Let a(l) = 2*l**3 + 10*l**2 - 200*l - 1118. Calculate a(-6).
10
Let b(r) = 16*r**2 + 339*r - 2007. Calculate b(-26).
-5
Let l(h) = h**2 + 20*h - 64. Calculate l(4).
32
Let o(z) = -20*z**3 - 22*z**2 + 21*z + 1. Calculate o(1).
-20
Let h(z) = -z**2 + 324*z - 7187. Determine h(24).
13
Let f(r) = 21*r**2 - r. Determine f(-1).
22
Let t(o) = 3*o**3 - 100*o**2 - 175*o + 3637. Determine t(34).
-1
Let j(l) = l**2 + 406*l - 1650. Calculate j(4).
-10
Let r(y) = 170*y + 689. Determine r(-5).
-161
Let z(u) = -u**3 + 9*u**2 + 17*u - 7. Calculate z(5).
178
Let m(x) = -x**3 + 15*x**2 + 15. Give m(16).
-241
Let h(l) = -l**3 - 46*l**2 + 95*l + 85. Determine h(-48).
133
Let j(s) = s**2 + 56*s + 245. Give j(-5).
-10
Let m(k) = -k**3 + 4*k**2 + 23*k - 35. Determine m(-4).
1
Let x(d) = -2*d**3 + 14*d - 79. What is x(4)?
-151
Let c(l) = -2*l**2 - 25*l - 36. What is c(-4)?
32
Let h(w) = -103*w - 107. Determine h(-1).
-4
Let w(c) = c**3 + 5*c**2 - c - 7. Determine w(0).
-7
Let a(u) = -34*u**2 - 424*u - 846. Calculate a(-2).
-134
Let u(n) = -n**3 - 11*n**2 + 2*n - 40. Give u(-12).
80
Let w(l) = -213*l - 3613. Calculate w(-17).
8
Let x(t) = 67*t**3 - 1339*t**2 - 27*t + 139. Give x(20).
-1
Let g(y) = -y**3 + 131*y**2 - 3171*y + 291. What is g(99)?
-6
Let d(m) = 2*m**3 + 29*m**2 + 39*m + 70. Give d(-14).
-280
Let x(k) = 199*k - 29253. Give x(147).
0
Let t(k) = k**3 + 48*k**2 + 176*k + 24. Determine t(-44).
24
Let h(t) = 2*t**2 - 13*t - 29. Determine h(0).
-29
Let r(y) = 4364*y - 13098. Give r(3).
-6
Let v(d) = 2*d**3 - 10*d - 10. Give v(-3).
-34
Let i(h) = h**3 + 27*h**2 + 25*h + 98. What is i(-26)?
124
Let t(q) = -294*q - 1682. Give t(-6).
82
Let v(r) = -2*r**3 + 30*r**2 - 1650*r + 24750. Determine v(15).
0
Let n(b) = b**2 + 502*b - 24009. What is n(44)?
15
Let c(k) = -4*k**2 + 79*k - 298. Give c(5).
-3
Let p(k) = 118*k + 1083. Give p(-9).
21
Let l(y) = y**2 - 61*y - 549. Give l(-8).
3
Let y(j) = -j**3 + 86*j**2 + 147*j - 5248. What is y(87)?
-28
Let x(p) = -21*p**2 + 75*p - 372. Calculate x(5).
-522
Let b(m) = -572*m + 2285. Determine b(4).
-3
Let g(p) = 38*p - 2747. What is g(72)?
-11
Let h(q) = 8*q**3 + 851*q**2 + 320*q + 208. What is h(-106)?
-4
Let j(n) = 87*n + 1373. What is j(-16)?
-19
Let u(w) = w**3 - 45*w**2 - 135*w - 433. Determine u(48).
-1
Let x(h) = h**3 + 176*h**2 + 763*h + 166379. Determine x(-177).
-1
Let n(y) = 3*y**3 - 952*y**2 + 4066*y + 947. Determine n(313).
8
Let q(x) = 31*x**2 - 764*x - 31. Determine q(24).
-511
Let t(f) = -2526*f**2 - 20210*f - 6. What is t(-8)?
10
Let t(l) = 2*l**3 - 10*l**2 - 27*l + 113. Calculate t(3).
-4
Let v(j) = -205*j - 461. Calculate v(-5).
564
Let c(r) = 9*r**3 - 38*r**2 + 7*r + 5. Determine c(4).
1
Let p(k) = -2*k**3 + k**2 + 2*k - 351. Calculate p(0).
-351
Let w(y) = -46*y**2 - 1517*y + 42. Determine w(-33).
9
Let y(x) = 136*x - 2441. Give y(18).
7
Let x(z) = 29*z - 832. What is x(28)?
-20
Let r(g) = -277*g + 4177. Give r(15).
22
Let j(u) = 4*u**2 + 26*u + 213. What is j(-8)?
261
Let m(u) = -5*u**2 - 4*u + 329. Calculate m(0).
329
Let a(r) = r**3 - 38*r**2 + 219*r - 4. Give a(31).
58
Let i(y) = y**3 + 30*y**2 + 46*y - 136. Give i(-28).
144
Let p(z) = z**2 + z - 2873. Give p(-53).
-117
Let n(f) = -191*f - 200. Determine n(-1).
-9
Let i(c) = 6*c + 5. Determine i(1).
11
Let y(p) = -69*p**2 + 63*p + 6. Calculate y(1).
0
Let x(r) = -2*r**2 - 136*r - 617. Determine x(-5).
13
Let p(u) = 4904*u + 29426. Give p(-6).
2
Let g(z) = z**3 + 8*z**2 - 9*z + 8. What is g(-6)?
134
Let w(t) = t**3 + 24*t**2 + 46*t - 53. Determine w(-22).
-97
Let n(l) = 2*l**3 + 85*l**2 - 38*l + 219. Give n(-43).
4
Let h(j) = 2*j**3 + 79*j**2 + 37*j - 77. What is h(-39)?
1
Let w(h) = h**3 + 8*h**2 + 14*h - 1. What is w(-4)?
7
Let z(m) = 14*m**3 + 8*m**2 - 29*m - 37. Determine z(-1).
-14
Let h(a) = -a**3 - 48*a**2 - 93*a - 52. What is h(-46)?
-6
Let c(f) = f**3 + 8*f**2 + f - 61. Calculate c(-4).
-1
Let y(t) = 2*t**2 - 38*t - 209. Calculate y(-7).
155
Let o(q) = 345*q - 4519. Calculate o(13).
-34
Let l(s) = 408*s + 1217. Calculate l(-3).
-7
Let p(f) = -120*f**2 + 5*f - 4. What is p(1)?
-119
Let l(i) = i**3 + 74*i**2 - 160*i - 38. What is l(-76)?
570
Let q(v) = -3*v**2 + 47*v - 138. Determine q(12).
-6
Let b(u) = -u**2 - 827*u + 9211. What is b(11)?
-7
Let g(b) = -2*b**3 - 99*b**2 - 631*b - 8. What is g(-42)?
34
Let t(l) = l**3 - 23*l**2 + 107*l + 8. Give t(8).
-96
Let p(h) = -h**3 - 19*h**2 + 30*h - 2. Calculate p(-21).
250
Let t(w) = -w**3 + 12*w**2 + 27*w - 323. Calculate t(12).
1
Let t(r) = -7*r**2 - 269*r + 54. Calculate t(-39).
-102
Let d(f) = -11*f**2 + 894*f - 228. Give d(81).
15
Let t(n) = 1760*n + 1767. Determine t(-1).
7
Let k(z) = -29*z**3 - 60*z**2 + 19*z + 52. What is k(-2)?
6
Let n(t) = -2*t**3 - 3*t**2 - 439*t - 882. Determine n(-2).
0
Let b(j) = 259*j + 1151. What is b(-4)?
115
Let z(o) = 4*o**3 + 15*o**2 - 5*o + 16. Calculate z(-4).
20
Let n(i) = -1394*i + 66907. Determine n(48).
-5
Let b(t) = -22*t - 33. Determine b(-9).
165
Let j(g) = -3*g**2 + 545*g + 3579. Calculate j(188).
7
Let d(b) = 593*b**3 + 2*b**2 + 2*b - 2. Calculate d(1).
595
Let x(g) = -440*g + 10157. Determine x(23).
37
Let q(x) = x**2 - 164*x + 2241. Give q(15).
6
Let a(f) = f**2 + 68*f + 1198. What is a(-41)?
91
Let z(x) = -2*x**2 + 29*x - 95. What is z(3)?
-26
Let p(z) = -5*z + 78. What is p(0)?
78
Let y(v) = 2*v**3 - 68*v**2 + 66*v - 27. Give y(33).
-27
Let r(z) = -z**3 + 62*z**2 - 52*z - 557. Calculate r(61).
-8
Let p(f) = -276*f - 60720. What is p(-220)?
0
Let m(u) = 3*u**2 + 277*u + 3916. Determine m(-75).
16
Let f(o) 